{"id":1004,"date":"2026-03-05T20:49:23","date_gmt":"2026-03-05T20:49:23","guid":{"rendered":"https:\/\/skytrofa.com\/aghd\/?page_id=1004"},"modified":"2026-04-07T16:55:41","modified_gmt":"2026-04-07T16:55:41","slug":"es","status":"publish","type":"page","link":"https:\/\/skytrofa.com\/aghd\/patient-support\/resources\/es\/","title":{"rendered":"Resources &#8211; Spanish"},"content":{"rendered":"","protected":false},"excerpt":{"rendered":"","protected":false},"author":1,"featured_media":0,"parent":268,"menu_order":0,"comment_status":"closed","ping_status":"closed","template":"templates\/resources.php","meta":{"_acf_changed":false,"footnotes":""},"class_list":["post-1004","page","type-page","status-publish","hentry"],"acf":[],"yoast_head":"<!-- This site is optimized with the Yoast SEO plugin v26.9 - https:\/\/yoast.com\/product\/yoast-seo-wordpress\/ -->\n<title>Recursos en espa\u00f1ol<\/title>\n<meta name=\"description\" content=\"Obtenga m\u00e1s informaci\u00f3n a continuaci\u00f3n sobre el tratamiento con SKYTROFA\u00ae e inscr\u00edbase para recibir actualizaciones sobre recursos nuevos\" \/>\n<meta name=\"robots\" content=\"index, follow, max-snippet:-1, max-image-preview:large, max-video-preview:-1\" \/>\n<link rel=\"canonical\" href=\"https:\/\/skytrofa.com\/aghd\/patient-support\/resources\/es\/\" \/>\n<meta property=\"og:locale\" content=\"en_US\" \/>\n<meta property=\"og:type\" content=\"article\" \/>\n<meta property=\"og:title\" content=\"Recursos en espa\u00f1ol\" \/>\n<meta property=\"og:description\" content=\"Obtenga m\u00e1s informaci\u00f3n a continuaci\u00f3n sobre el tratamiento con SKYTROFA\u00ae e inscr\u00edbase para recibir actualizaciones sobre recursos nuevos\" \/>\n<meta property=\"og:url\" content=\"https:\/\/skytrofa.com\/aghd\/patient-support\/resources\/es\/\" \/>\n<meta property=\"og:site_name\" content=\"Skytrofa aGHD\" \/>\n<meta property=\"article:modified_time\" content=\"2026-04-07T16:55:41+00:00\" \/>\n<meta name=\"twitter:card\" content=\"summary_large_image\" \/>\n<script type=\"application\/ld+json\" class=\"yoast-schema-graph\">{\"@context\":\"https:\/\/schema.org\",\"@graph\":[{\"@type\":\"WebPage\",\"@id\":\"https:\/\/skytrofa.com\/aghd\/patient-support\/resources\/es\/\",\"url\":\"https:\/\/skytrofa.com\/aghd\/patient-support\/resources\/es\/\",\"name\":\"Recursos en espa\u00f1ol\",\"isPartOf\":{\"@id\":\"https:\/\/skytrofa.com\/aghd\/#website\"},\"datePublished\":\"2026-03-05T20:49:23+00:00\",\"dateModified\":\"2026-04-07T16:55:41+00:00\",\"description\":\"Obtenga m\u00e1s informaci\u00f3n a continuaci\u00f3n sobre el tratamiento con SKYTROFA\u00ae e inscr\u00edbase para recibir actualizaciones sobre recursos nuevos\",\"breadcrumb\":{\"@id\":\"https:\/\/skytrofa.com\/aghd\/patient-support\/resources\/es\/#breadcrumb\"},\"inLanguage\":\"en-US\",\"potentialAction\":[{\"@type\":\"ReadAction\",\"target\":[\"https:\/\/skytrofa.com\/aghd\/patient-support\/resources\/es\/\"]}]},{\"@type\":\"BreadcrumbList\",\"@id\":\"https:\/\/skytrofa.com\/aghd\/patient-support\/resources\/es\/#breadcrumb\",\"itemListElement\":[{\"@type\":\"ListItem\",\"position\":1,\"name\":\"Home\",\"item\":\"https:\/\/skytrofa.com\/aghd\/\"},{\"@type\":\"ListItem\",\"position\":2,\"name\":\"Patient Support\",\"item\":\"https:\/\/skytrofa.com\/aghd\/patient-support\/\"},{\"@type\":\"ListItem\",\"position\":3,\"name\":\"Resources\",\"item\":\"https:\/\/skytrofa.com\/aghd\/patient-support\/resources\/\"},{\"@type\":\"ListItem\",\"position\":4,\"name\":\"Resources &#8211; Spanish\"}]},{\"@type\":\"WebSite\",\"@id\":\"https:\/\/skytrofa.com\/aghd\/#website\",\"url\":\"https:\/\/skytrofa.com\/aghd\/\",\"name\":\"Skytrofa aGHD\",\"description\":\"\",\"potentialAction\":[{\"@type\":\"SearchAction\",\"target\":{\"@type\":\"EntryPoint\",\"urlTemplate\":\"https:\/\/skytrofa.com\/aghd\/?s={search_term_string}\"},\"query-input\":{\"@type\":\"PropertyValueSpecification\",\"valueRequired\":true,\"valueName\":\"search_term_string\"}}],\"inLanguage\":\"en-US\"}]}<\/script>\n<!-- \/ Yoast SEO plugin. -->","yoast_head_json":{"title":"Recursos en espa\u00f1ol","description":"Obtenga m\u00e1s informaci\u00f3n a continuaci\u00f3n sobre el tratamiento con SKYTROFA\u00ae e inscr\u00edbase para recibir actualizaciones sobre recursos nuevos","robots":{"index":"index","follow":"follow","max-snippet":"max-snippet:-1","max-image-preview":"max-image-preview:large","max-video-preview":"max-video-preview:-1"},"canonical":"https:\/\/skytrofa.com\/aghd\/patient-support\/resources\/es\/","og_locale":"en_US","og_type":"article","og_title":"Recursos en espa\u00f1ol","og_description":"Obtenga m\u00e1s informaci\u00f3n a continuaci\u00f3n sobre el tratamiento con SKYTROFA\u00ae e inscr\u00edbase para recibir actualizaciones sobre recursos nuevos","og_url":"https:\/\/skytrofa.com\/aghd\/patient-support\/resources\/es\/","og_site_name":"Skytrofa aGHD","article_modified_time":"2026-04-07T16:55:41+00:00","twitter_card":"summary_large_image","schema":{"@context":"https:\/\/schema.org","@graph":[{"@type":"WebPage","@id":"https:\/\/skytrofa.com\/aghd\/patient-support\/resources\/es\/","url":"https:\/\/skytrofa.com\/aghd\/patient-support\/resources\/es\/","name":"Recursos en espa\u00f1ol","isPartOf":{"@id":"https:\/\/skytrofa.com\/aghd\/#website"},"datePublished":"2026-03-05T20:49:23+00:00","dateModified":"2026-04-07T16:55:41+00:00","description":"Obtenga m\u00e1s informaci\u00f3n a continuaci\u00f3n sobre el tratamiento con SKYTROFA\u00ae e inscr\u00edbase para recibir actualizaciones sobre recursos nuevos","breadcrumb":{"@id":"https:\/\/skytrofa.com\/aghd\/patient-support\/resources\/es\/#breadcrumb"},"inLanguage":"en-US","potentialAction":[{"@type":"ReadAction","target":["https:\/\/skytrofa.com\/aghd\/patient-support\/resources\/es\/"]}]},{"@type":"BreadcrumbList","@id":"https:\/\/skytrofa.com\/aghd\/patient-support\/resources\/es\/#breadcrumb","itemListElement":[{"@type":"ListItem","position":1,"name":"Home","item":"https:\/\/skytrofa.com\/aghd\/"},{"@type":"ListItem","position":2,"name":"Patient Support","item":"https:\/\/skytrofa.com\/aghd\/patient-support\/"},{"@type":"ListItem","position":3,"name":"Resources","item":"https:\/\/skytrofa.com\/aghd\/patient-support\/resources\/"},{"@type":"ListItem","position":4,"name":"Resources &#8211; Spanish"}]},{"@type":"WebSite","@id":"https:\/\/skytrofa.com\/aghd\/#website","url":"https:\/\/skytrofa.com\/aghd\/","name":"Skytrofa aGHD","description":"","potentialAction":[{"@type":"SearchAction","target":{"@type":"EntryPoint","urlTemplate":"https:\/\/skytrofa.com\/aghd\/?s={search_term_string}"},"query-input":{"@type":"PropertyValueSpecification","valueRequired":true,"valueName":"search_term_string"}}],"inLanguage":"en-US"}]}},"_links":{"self":[{"href":"https:\/\/skytrofa.com\/aghd\/wp-json\/wp\/v2\/pages\/1004","targetHints":{"allow":["GET"]}}],"collection":[{"href":"https:\/\/skytrofa.com\/aghd\/wp-json\/wp\/v2\/pages"}],"about":[{"href":"https:\/\/skytrofa.com\/aghd\/wp-json\/wp\/v2\/types\/page"}],"author":[{"embeddable":true,"href":"https:\/\/skytrofa.com\/aghd\/wp-json\/wp\/v2\/users\/1"}],"replies":[{"embeddable":true,"href":"https:\/\/skytrofa.com\/aghd\/wp-json\/wp\/v2\/comments?post=1004"}],"version-history":[{"count":0,"href":"https:\/\/skytrofa.com\/aghd\/wp-json\/wp\/v2\/pages\/1004\/revisions"}],"up":[{"embeddable":true,"href":"https:\/\/skytrofa.com\/aghd\/wp-json\/wp\/v2\/pages\/268"}],"wp:attachment":[{"href":"https:\/\/skytrofa.com\/aghd\/wp-json\/wp\/v2\/media?parent=1004"}],"curies":[{"name":"wp","href":"https:\/\/api.w.org\/{rel}","templated":true}]}}